{"id":151,"date":"2025-08-07T14:45:26","date_gmt":"2025-08-07T14:45:26","guid":{"rendered":"https:\/\/katamaran.divers.cz\/?page_id=151"},"modified":"2025-08-07T16:05:30","modified_gmt":"2025-08-07T16:05:30","slug":"terminy-a-rezervace","status":"publish","type":"page","link":"https:\/\/katamaran.divers.cz\/?page_id=151","title":{"rendered":"Term\u00edny a rezervace"},"content":{"rendered":"<div class=\"wpb-content-wrapper\"><p>[vc_row css=&#8220;.vc_custom_1754562640330{margin-top: 30px !important;}&#8220; conditional_render=&#8220;%5B%7B%22value_role%22%3A%22administrator%22%7D%5D&#8220; css_params=&#8220;&#8220;][vc_column]<div class=\"porto-u-heading  wpb_custom_8956f84357c0a26423ee21a40253f819 porto-u-ad87e2eaf3f9c495180fe0156ddf3eb0  vc_custom_1754580388422\" data-appear-animation=\"revealDirRight\" data-animation-reveal-clr=\"var(--porto-primary-color)\"><div class=\"porto-u-main-heading\"><h1   style=\"color:var(--porto-dark-color);\">Jak to funguje<\/h1><\/div><style>.porto-u-ad87e2eaf3f9c495180fe0156ddf3eb0.porto-u-heading{text-align:left}<\/style><\/div><div class=\"porto-u-heading  wpb_custom_602a2655f55bb4ed9a41b80988ff1b1a porto-u-ad87e2eaf3f9c495180fe0156ddf3eb0  vc_custom_1754580563755\"><div class=\"porto-u-sub-heading\" style=\"\">\n<p class=\"p1\">Na katamar\u00e1n Copernic se m\u016f\u017eete vydat n\u011bkolika zp\u016fsoby. Pokud je v\u00e1s v\u011bt\u0161\u00ed parta, m\u016f\u017eete se rozhodnout pronajmout si celou lo\u010f, v takov\u00e9m p\u0159\u00edpad\u011b hled\u00e1te zcela <strong>pr\u00e1zdn\u00e9 terminy<\/strong>. Pokud jste sami nebo t\u0159eba ve dvou, m\u016f\u017eete se p\u0159ihl\u00e1sit o jednotliv\u00e1 m\u00edsta na lodi, v takov\u00e9m p\u0159\u00edpad\u011b hled\u00e1te \u010d\u00e1ste\u010dn\u011b voln\u00e9 term\u00edny. Nav\u00edc pravideln\u011b vypisujeme speci\u00e1ln\u00ed pot\u00e1p\u011b\u010dsk\u00e9 t\u00fddny, p\u0159i kter\u00fdch je v\u017edy k dispozici n\u00e1\u0161 instruktor Divers Direct.<\/p>\n<p><\/div><style>.porto-u-ad87e2eaf3f9c495180fe0156ddf3eb0.porto-u-heading{text-align:left}<\/style><\/div>[\/vc_column][\/vc_row][vc_row][vc_column width=&#8220;1\/3&#8243;]<div class=\"porto-u-heading divers-box  wpb_custom_f6ad6f1e06f9e2deca556b140ff243d6 porto-u-ad87e2eaf3f9c495180fe0156ddf3eb0  vc_custom_1754581283231\"><div class=\"porto-u-main-heading\"><h3   style=\"margin-bottom: 0px;\">V cen\u011b<\/h3><\/div><div class=\"porto-u-sub-heading\" style=\"margin-bottom:0px;\">\n<p><i>Vztahuje se jak na pron\u00e1jem cel\u00e9 lodi, tak na jednotliv\u00e1 m\u00edsta (v tom p\u0159\u00edpad\u011b je cena p\u0159epo\u010dtena pom\u011brn\u011b podle po\u010dtu osob na palub\u011b).<\/i><\/p>\n<ul>\n<li class=\"p1\">Pron\u00e1jem lodi <span class=\"s1\"><b>Copernic<\/b><\/span>: 6 dvoul\u016f\u017ekov\u00fdch kajut a 2 men\u0161\u00ed p\u0159edn\u00ed kajuty (max. 11 host\u016f + 1 kapit\u00e1n)<\/li>\n<li class=\"p1\">P\u0159\u00edstavn\u00ed poplatky v p\u0159\u00edstavu (prvn\u00ed nebo posledn\u00ed den plavby)<\/li>\n<li class=\"p1\">Vyu\u017eit\u00ed motorov\u00e9ho \u010dlunu (s obsluhou kapit\u00e1na)<\/li>\n<li class=\"p1\">Lo\u017en\u00ed pr\u00e1dlo (1x), p\u0159ikr\u00fdvka, pol\u0161t\u00e1\u0159, osu\u0161ka (1x), toaletn\u00ed pap\u00edr<\/li>\n<li class=\"p1\">Zap\u016fj\u010den\u00ed mo\u0159sk\u00e9ho kajaku<\/li>\n<li class=\"p1\">Omezen\u00e9 zap\u016fj\u010den\u00ed ryb\u00e1\u0159sk\u00fdch prut\u016f a \u0161norchlovac\u00ed v\u00fdbavy (dle aktu\u00e1ln\u00ed dostupnosti)<\/li>\n<li>Zap\u016fj\u010den\u00ed pot\u00e1p\u011b\u010dsk\u00e9ho vybaven\u00ed (lahve, olovo) certifikovan\u00fdm pot\u00e1p\u011b\u010d\u016fm<\/li>\n<li class=\"p1\">Poji\u0161t\u011bn\u00ed lodi<\/li>\n<\/ul>\n<p><\/div><style>.porto-u-ad87e2eaf3f9c495180fe0156ddf3eb0.porto-u-heading{text-align:left}<\/style><\/div><div class=\"porto-u-heading divers-box  wpb_custom_f6ad6f1e06f9e2deca556b140ff243d6 porto-u-ad87e2eaf3f9c495180fe0156ddf3eb0  vc_custom_1754581506671\"><div class=\"porto-u-main-heading\"><h3   style=\"margin-bottom: 0px;\">Nen\u00ed v cen\u011b<\/h3><\/div><div class=\"porto-u-sub-heading\" style=\"margin-bottom:0px;\">\n<p><i>N\u00e1klady se hrad\u00ed za celou lo\u010f nebo se d\u011bl\u00ed pom\u011brn\u011b mezi hosty v re\u017eimu pron\u00e1jmu jednotliv\u00fdch m\u00edst.<\/i><\/p>\n<ul>\n<li class=\"p1\">Z\u00e1v\u011bre\u010dn\u00fd \u00faklid a p\u0159ed\u00e1vac\u00ed kontrola lodi: <span class=\"s1\"><b>500\u202f\u20ac\/lo\u010f<\/b><b><\/b><\/span><\/li>\n<li class=\"p1\">Hosteska \/ kucha\u0159ka (voliteln\u011b): <span class=\"s1\"><b>120\u202f\u20ac\/den\/lo\u010f<\/b><b><\/b><\/span><\/li>\n<li class=\"p1\"><span class=\"s1\">Vratn\u00e1 kauce: <\/span><b>100\u202f000\u202fK\u010d \/ lo\u010f<\/b><b><\/b><\/li>\n<li class=\"p1\">Doprava do m\u00edsta nalod\u011bn\u00ed (r\u00e1di ale pom\u016f\u017eeme s n\u00e1kupem letenek)<\/li>\n<li class=\"p1\">Stravov\u00e1n\u00ed b\u011bhem plavby (nevyu\u017e\u00edv\u00e1te-li slu\u017eeb kucha\u0159e)<\/li>\n<li class=\"p1\">P\u0159\u00edstavy a kotvi\u0161t\u011b b\u011bhem plavby<\/li>\n<li class=\"p1\">Aktivity t\u0159et\u00edch stran (v\u00fdlety, pr\u016fvodci, pot\u00e1p\u011bn\u00ed s m\u00edstn\u00edmi instruktory atd.)<\/li>\n<\/ul>\n<p><\/div><style>.porto-u-ad87e2eaf3f9c495180fe0156ddf3eb0.porto-u-heading{text-align:left}<\/style><\/div>[\/vc_column][vc_column width=&#8220;1\/3&#8243;]<div class=\"porto-u-heading divers-box  wpb_custom_f6ad6f1e06f9e2deca556b140ff243d6 porto-u-ad87e2eaf3f9c495180fe0156ddf3eb0  vc_custom_1754581985546\"><div class=\"porto-u-main-heading\"><h3   style=\"margin-bottom: 0px;\">Postup rezervace<\/h3><\/div><div class=\"porto-u-sub-heading\" style=\"margin-bottom:0px;\"><i>M\u00e1te chu\u0165 s n\u00e1mi vyplout? Vypl\u0148te pros\u00edm rezerva\u010dn\u00ed formul\u00e1\u0159 n\u00ed\u017ee a my se s V\u00e1mi obratem spoj\u00edme. Obecn\u011b to funguje takto:<\/i><\/p>\n<p class=\"p1\"><b>1. Vyberte si term\u00edn<\/b><b><\/b><\/p>\n<ul>\n<li class=\"p1\"><b>Neozna\u010den\u00fd term\u00edn<\/b><span class=\"s1\"> = voln\u00fd<\/span><\/li>\n<li class=\"p1\"><span class=\"s1\"><b>\u201eRezervov\u00e1no\u201c<\/b><\/span> = \u010dek\u00e1me na potvrzen\u00ed\/z\u00e1lohu (dr\u017eeno max. 7 dn\u00ed)<\/li>\n<li><strong>&#8222;\u010c\u00e1ste\u010dn\u011b obsazeno&#8220;<\/strong> = mo\u017eno rezervovat jednotliv\u00e1 m\u00edsta<\/li>\n<li class=\"p1\"><span class=\"s1\"><b>\u201eObsazeno\u201c<\/b><\/span> = zaplacena z\u00e1loha, term\u00edn je ji\u017e pln\u011b obsazen<\/li>\n<\/ul>\n<p class=\"p1\"><b>2. Odesl\u00e1n\u00ed popt\u00e1vky<\/b><b><\/b><\/p>\n<p class=\"p4\">Vypl\u0148te rezerva\u010dn\u00ed formul\u00e1\u0159, zavolejte n\u00e1m nebo napi\u0161te e-mail. Spoj\u00edme se s v\u00e1mi a dohodneme detaily. Term\u00edn v\u00e1m po\u0161leme k potvrzen\u00ed a ozna\u010d\u00edme jako \u201erezervov\u00e1no\u201c.<\/p>\n<p class=\"p1\"><b>3. Potvrzen\u00ed rezervace<\/b><b><\/b><\/p>\n<p class=\"p4\">Z\u00e1lohu ve v\u00fd\u0161i 25\u202f% je t\u0159eba uhradit do 7 dn\u016f. Pot\u00e9 term\u00edn ozna\u010d\u00edme jako \u201eobsazeno\u201c a pom\u016f\u017eeme s organizac\u00ed plavby.<\/p>\n<p class=\"p1\"><b>4. Doplatek<\/b><b><\/b><\/p>\n<p class=\"p4\">Zbytek ceny je splatn\u00fd nejpozd\u011bji 30 dn\u00ed p\u0159ed za\u010d\u00e1tkem plavby.<\/p>\n<p><\/div><style>.porto-u-ad87e2eaf3f9c495180fe0156ddf3eb0.porto-u-heading{text-align:left}<\/style><\/div>[\/vc_column][vc_column width=&#8220;1\/3&#8243;]<div class=\"porto-u-heading divers-box  wpb_custom_f6ad6f1e06f9e2deca556b140ff243d6 porto-u-ad87e2eaf3f9c495180fe0156ddf3eb0  vc_custom_1754582023047\"><div class=\"porto-u-main-heading\"><h3   style=\"margin-bottom: 0px;\">Storno podm\u00ednky<\/h3><\/div><div class=\"porto-u-sub-heading\" style=\"margin-bottom:0px;\">\n<ul>\n<li class=\"p1\">do 90 dn\u00ed p\u0159ed plavbou \u2013 storno poplatek 10\u202f%<\/li>\n<li class=\"p1\">do 60 dn\u00ed \u2013 25\u202f%<\/li>\n<li class=\"p1\">do 30 dn\u00ed \u2013 50\u202f%<\/li>\n<li class=\"p1\">m\u00e9n\u011b ne\u017e 21 dn\u00ed \u2013 100\u202f%<\/li>\n<li class=\"p1\">p\u0159i nenastoupen\u00ed bez omluvy se storno rovn\u00e1 100\u202f%<\/li>\n<\/ul>\n<p><\/div><style>.porto-u-ad87e2eaf3f9c495180fe0156ddf3eb0.porto-u-heading{text-align:left}<\/style><\/div>[\/vc_column][\/vc_row][vc_row][vc_column]<div class=\"porto-u-heading  wpb_custom_8956f84357c0a26423ee21a40253f819 porto-u-ad87e2eaf3f9c495180fe0156ddf3eb0  vc_custom_1754578706452\" data-appear-animation=\"revealDirRight\" data-animation-reveal-clr=\"var(--porto-primary-color)\"><div class=\"porto-u-main-heading\"><h1   style=\"color:var(--porto-dark-color);\">Dostupn\u00e9 term\u00edny<\/h1><\/div><style>.porto-u-ad87e2eaf3f9c495180fe0156ddf3eb0.porto-u-heading{text-align:left}<\/style><\/div>[\/vc_column][\/vc_row][vc_row][vc_column][vc_raw_html css=&#8220;&#8220; css_params=&#8220;&#8220;]JTVCYm9va2luZyUyMG51bW1vbnRocyUzRDEyJTVE[\/vc_raw_html][\/vc_column][\/vc_row]<\/p>\n<\/div>","protected":false},"excerpt":{"rendered":"<p>[vc_row css=&#8220;.vc_custom_1754562640330{margin-top: 30px !important;}&#8220; conditional_render=&#8220;%5B%7B%22value_role%22%3A%22administrator%22%7D%5D&#8220; css_params=&#8220;&#8220;][vc_column][\/vc_column][\/vc_row][vc_row][vc_column width=&#8220;1\/3&#8243;][\/vc_column][vc_column width=&#8220;1\/3&#8243;][\/vc_column][vc_column width=&#8220;1\/3&#8243;][\/vc_column][\/vc_row][vc_row][vc_column][\/vc_column][\/vc_row][vc_row][vc_column][vc_raw_html css=&#8220;&#8220; css_params=&#8220;&#8220;]JTVCYm9va2luZyUyMG51bW1vbnRocyUzRDEyJTVE[\/vc_raw_html][\/vc_column][\/vc_row]<\/p>\n","protected":false},"author":1,"featured_media":0,"parent":0,"menu_order":0,"comment_status":"closed","ping_status":"closed","template":"","meta":{"footnotes":""},"class_list":["post-151","page","type-page","status-publish","hentry"],"_links":{"self":[{"href":"https:\/\/katamaran.divers.cz\/index.php?rest_route=\/wp\/v2\/pages\/151","targetHints":{"allow":["GET"]}}],"collection":[{"href":"https:\/\/katamaran.divers.cz\/index.php?rest_route=\/wp\/v2\/pages"}],"about":[{"href":"https:\/\/katamaran.divers.cz\/index.php?rest_route=\/wp\/v2\/types\/page"}],"author":[{"embeddable":true,"href":"https:\/\/katamaran.divers.cz\/index.php?rest_route=\/wp\/v2\/users\/1"}],"replies":[{"embeddable":true,"href":"https:\/\/katamaran.divers.cz\/index.php?rest_route=%2Fwp%2Fv2%2Fcomments&post=151"}],"version-history":[{"count":7,"href":"https:\/\/katamaran.divers.cz\/index.php?rest_route=\/wp\/v2\/pages\/151\/revisions"}],"predecessor-version":[{"id":159,"href":"https:\/\/katamaran.divers.cz\/index.php?rest_route=\/wp\/v2\/pages\/151\/revisions\/159"}],"wp:attachment":[{"href":"https:\/\/katamaran.divers.cz\/index.php?rest_route=%2Fwp%2Fv2%2Fmedia&parent=151"}],"curies":[{"name":"wp","href":"https:\/\/api.w.org\/{rel}","templated":true}]}}